*i**2 + 3*i - 1. Determine n(1).
-5
Let w(b) = 5*b + 4. Give w(-1).
-1
Let l(z) = -15*z - 35. Give l(0).
-35
Let f(o) = -o - 7. Determine f(-7).
0
Let b(v) = -v**2 + 5*v + 6. Give b(5).
6
Let s(r) = -2*r**3 - 13*r**2 + 5*r - 13. Give s(-7).
1
Let k(v) = -v**2 + 12*v + 16. Give k(10).
36
Let g(m) = -m**3 - 20*m**2 - 10*m + 181. Calculate g(-19).
10
Let s(l) = -l**2 - 9*l - 37. What is s(-10)?
-47
Let d(g) = -g**3 + 7*g**2 + 7*g + 7. Calculate d(8).
-1
Let d(w) = 10*w**2 - 98*w - 10. Give d(10).
10
Let t(g) = g + 10. Calculate t(-4).
6
Let u(r) = -15*r + 31. What is u(9)?
-104
Let h(x) = -x + 29. Give h(21).
8
Let k(b) = -3*b - 23. Give k(-8).
1
Let t(m) = m**3 - 5*m**2 - 4*m + 1. Determine t(5).
-19
Let p(s) = s**2 - 3*s - 105. Give p(11).
-17
Let n(h) = 2*h**2 - 39*h + 152. Give n(13).
-17
Let u(w) = -w**2 + 25*w - 18. Calculate u(25).
-18
Let p(w) = -w**3 + 4*w**2 + 5*w - 3. What is p(5)?
-3
Let j(r) = -r**3 + 8*r**2 - 12*r - 8. Determine j(5).
7
Let z(p) = 3*p**2 + 8*p + 1. Calculate z(-4).
17
Let b(a) = a**2 + 3*a + 2. Determine b(-6).
20
Let x(w) = -w**2 + 19*w + 85. What is x(-5)?
-35
Let n(u) = u**2 + 11*u + 9. Calculate n(-7).
-19
Let x(s) = 11*s + 43. Calculate x(-5).
-12
Let d(j) = -2*j**3 - 62*j**2 - 58*j + 61. Calculate d(-30).
1
Let z(a) = 4*a**3 - a**2 + 2*a - 1. Calculate z(1).
4
Let n(d) = d**3 - 39*d**2 - 38*d - 84. What is n(40)?
-4
Let f(c) = -3*c + 13. Determine f(12).
-23
Let m(j) = -2*j**2 - 39*j - 4. Give m(-17).
81
Let g(c) = 7*c + 73. Give g(-11).
-4
Let g(i) = -i**3 + 22*i**2 - 21*i + 50. Give g(21).
50
Let k(g) = -g**2 - 1. What is k(1)?
-2
Let d(t) = -t**2 + 8*t - 11. Give d(4).
5
Let g(f) = f**3 - f + 9. Give g(0).
9
Let x(m) = -m + 2. Calculate x(-7).
9
Let p(v) = 6*v + 7. Determine p(-2).
-5
Let z(f) = 4*f**2 - 27*f - 9. Determine z(7).
-2
Let n(f) = -f**3 - 15*f**2 - 23*f + 5. Calculate n(-13).
-34
Let c(v) = -6*v + 10. What is c(-7)?
52
Let k(x) = -x**2 + 3*x - 5. Give k(4).
-9
Let x(i) = 24*i + 225. What is x(-9)?
9
Let j(d) = 13*d - 29. Determine j(-5).
-94
Let h(d) = -2*d**2 + 3*d - 3. What is h(0)?
-3
Let t(r) = -r**2 + 4*r + 11. Determine t(-4).
-21
Let w(n) = -9*n + 22. Determine w(6).
-32
Let u(k) = k**2 + 56*k + 340. Calculate u(-7).
-3
Let z(m) = 8*m + 12. Give z(-2).
-4
Let h(n) = -3*n + 3. What is h(1)?
0
Let b(r) = 14*r - 5. What is b(2)?
23
Let q(k) = -k**2 + k. Give q(1).
0
Let b(s) = -s**2 - 5. Calculate b(-5).
-30
Let o(s) = 17*s - 69. What is o(10)?
101
Let l(q) = 29*q**3 - 2*q**2 - q. Calculate l(-1).
-30
Let s(w) = w + 10. Give s(4).
14
Let m(r) = -r**2 + 19*r + 15. Determine m(15).
75
Let k(s) = -s**3 + s**2 + 2*s. Calculate k(3).
-12
Let f(a) = -a**3 - 14*a**2 - 10*a + 13. Calculate f(-13).
-26
Let u(l) = 6*l - 47. Calculate u(8).
1
Let v(p) = -2*p**3 + 2*p + 11. Give v(0).
11
Let t(v) = v**3 - 4*v**2 + 2*v - 43. Give t(5).
-8
Let z(m) = 2*m**2 + 58*m - 2. What is z(-29)?
-2
Let y(b) = -4*b - 23. Determine y(-8).
9
Let l(s) = 14*s + 3. Determine l(5).
73
Let g(d) = -d**3 + 7*d**2 - d - 5. What is g(6)?
25
Let n(b) = -2*b**2 - 54*b + 14. Calculate n(-27).
14
Let f(t) = -18*t + 2. Determine f(-2).
38
Let p(i) = 2*i**2 - 13*i + 23. Give p(8).
47
Let q(c) = -3*c + 18. What is q(0)?
18
Let h(r) = r**3 - 5*r**2 + 3. Calculate h(5).
3
Let i(f) = 7*f - 37. Give i(-14).
-135
Let b(d) = d**3 + 5*d**2 + 6*d + 7. What is b(-5)?
-23
Let w(z) = -z**3 + 13*z**2 - 21*z - 7. Calculate w(11).
4
Let f(z) = 3*z**2 + 3*z + 4. Determine f(-2).
10
Let i(k) = 4*k - 5. Give i(5).
15
Let y(p) = -p**2 + 20*p - 68. Give y(8).
28
Let z(h) = -h**3 + 11*h**2 - 4*h - 7. What is z(10)?
53
Let c(b) = 33*b + 5. What is c(-3)?
-94
Let c(r) = 77*r**2 - r. Calculate c(-1).
78
Let k(v) = -v**2 - 4*v - 2. What is k(-4)?
-2
Let f(s) = -3*s**2 + 4*s + 6. Calculate f(-4).
-58
Let p(s) = s**3 + 14*s**2 - 12*s + 35. Determine p(-15).
-10
Let s(n) = -n**3 + 10*n**2 - 10*n + 12. Give s(9).
3
Let j(s) = 2*s - 17. Determine j(12).
7
Let d(s) = s**2 - 9*s + 14. Calculate d(7).
0
Let a(y) = y**3 - y**2 + y. What is a(2)?
6
Let b(q) = q**3 + 12*q**2 - 12*q - 24. Calculate b(-13).
-37
Let i(n) = -n**2 + 4*n + 21. What is i(-4)?
-11
Let t(c) = c**2 - 2*c - 42. Give t(-6).
6
Let g(a) = -a**3 - 9*a**2 + 27*a + 25. What is g(-11)?
-30
Let v(x) = -2*x**2 - x - 2. Calculate v(-3).
-17
Let k(o) = o**2 + 21*o + 8. Determine k(-22).
30
Let x(t) = t**2 - t - 47. Calculate x(-6).
-5
Let s(f) = -2*f**2 + 5*f + 11. Give s(8).
-77
Let h(i) = -3*i - 58. What is h(-20)?
2
Let l(f) = 3*f + 10. Give l(4).
22
Let s(i) = 143*i - 709. Calculate s(5).
6
Let b(v) = 16*v + 2. Give b(1).
18
Let u(t) = 2*t**3 + t**2 - t + 2. Give u(2).
20
Let b(i) = i**3 - 10*i**2 - 2*i + 8. Give b(10).
-12
Let k(m) = -17*m - 127. Give k(-7).
-8
Let n(c) = 3*c - 6. Give n(3).
3
Let v(m) = -m**3 + 8*m**2 - m + 1. What is v(8)?
-7
Let s(c) = -c**2 + c + 286. Determine s(-16).
14
Let m(w) = w**2 + 29*w + 30. What is m(-28)?
2
Let l(c) = 2*c**3 + c**2 - 10. Determine l(0).
-10
Let i(b) = b**3 - 5*b**2 + 3*b + 14. Determine i(5).
29
Let o(i) = i**3 + 5*i**2 - 2*i - 7. Calculate o(-6).
-31
Let x(l) = l**3 - 7*l**2 + 2*l + 4. What is x(5)?
-36
Let g(h) = -4*h - 7. What is g(-8)?
25
Let o(d) = d**3 + 9*d**2 - 3*d - 15. Calculate o(-10).
-85
Let m(z) = -14*z - 74. What is m(-5)?
-4
Let m(i) = i**2 + 10*i + 1. What is m(-18)?
145
Let x(i) = -2*i + 7. Give x(13).
-19
Let h(j) = -j**2 - 3*j + 10. Determine h(-8).
-30
Let d(v) = 16*v + 24. Give d(-2).
-8
Let a(p) = p**2 - 8*p + 9. Give a(7).
2
Let h(s) = s**2 - 19*s + 85. Determine h(10).
-5
Let q(b) = -b**3 - 14*b**2 - 51*b - 11. Determine q(-6).
7
Let r(k) = k**2 + 14*k - 10. Give r(-11).
-43
Let g(u) = u**2 + 11*u - 7. What is g(-9)?
-25
Let r(j) = -3*j**2 - 39*j + 30. Calculate r(-14).
-12
Let j(a) = a**2 + 17*a - 14. What is j(-11)?
-80
Let i(v) = v**3 - 10*v - 21. Determine i(-2).
-9
Let o(m) = -17*m + 2. Determine o(-2).
36
Let s(p) = -6*p + 207. Give s(37).
-15
Let b(p) = -p**2 + p + 78. Give b(-9).
-12
Let u(n) = -n**2 + n + 3. What is u(3)?
-3
Let l(x) = 2*x**2 + 6*x - 9. Determine l(-6).
27
Let j(f) = f**2 + 5*f + 5. What is j(-5)?
5
Let c(r) = -r + 1. Calculate c(-2).
3
Let l(y) = y**3 - 11*y**2 + 5. Give l(11).
5
Let a(s) = -s**2 - 5*s + 30. Give a(-8).
6
Let b(q) = 3*q - 17. Give b(6).
1
Let q(t) = -t**2 - 6*t + 5. Give q(-10).
-35
Let a(j) = -j**3 + 4*j**2 + 4*j + 2. What is a(4)?
18
Let p(x) = x**2 - 10*x + 5. Determine p(9).
-4
Let t(i) = 5*i + 6. Determine t(-3).
-9
Let a(q) = -2*q**3 + 107*q**2 - 55*q + 120. Give a(53).
14
Let g(c) = -32*c - 333. Give g(-10).
-13
Let s(u) = 3*u**2 + 23*u + 42. Give s(-3).
0
Let h(d) = d**3 + 6*d**2 + 3*d + 2. Give h(-5).
12
Let k(g) = g**2 + 21*g + 60. Determine k(-18).
6
Let v(m) = 18*m - 446. What is v(25)?
4
Let z(b) = b**3 + 12*b**2 - 15*b + 7. Give z(-13).
33
Let q(l) = 25*l - 246. Determine q(10).
4
Let d(t) = -t**3 - 9*t**2 - 11*t - 10. Calculate d(-8).
14
Let y(l) = 3*l**2 - 2*l. What is y(-1)?
5
Let y(w) = w - 2. Determine y(2).
0
Let j(g) = g**3 + 9*g**2 - 4*g - 28. Calculate j(-9).
8
Let h(m) = -m**3 + 6*m**2 - 4*m + 7. What is h(6)?
-17
Let g(l) = -11*l**3 - l**2 - l + 1. What is g(1)?
-12
Let z(w) = -w**3 + 5*w**2 - 3*w + 2. What is z(5)?
-13
Let r(s) = s**2 + 8. Give r(0).
8
Let p(k) = -k - 1. Give p(-5).
4
Let q(x) = -x**3 - 5*x**2 - x - 6. Determine q(-6).
36
Let h(z) = z**2 + 3*z - 14. Give h(-4).
-10
Let t(q) = q + 43. What is t(-9)?
34
Let x(j) = -4*j + 13. Determine x(13).
-39
Let k(s) = 60*s + 245. Determine k(-4).
5
Let k(t) = 6*t - 4. What is k(-11)?
-70
Let g(u) = 18*u**3 + 2*u**2 + 2*u + 1. Determine g(-1).
-17
Let a(n) = -9*n + 9. Give a(1).
0
Let q(c) = -c**3 + 11*c**2 + 11*c + 17. What is q(12)?
5
Let z(j) = j**2 - 2*j - 5. Determine z(-2).
3
Let i(g) = g**3 - 19*g**2 + 20*g - 28. Give i(18).
8
Let l(j) = -j**3 + 8*j**2 - 14*j + 18. Calculate l(6).
6
Let f(q) = 2*q + 4. Determine f(-3).
-2
Let a(y) = 3*y**3 - 3*y**2 + 4. Determine a(2).
16
Let u(b) = 5*b - 19. What is u(8)?
21
Let v(h) = h - 5. Calculate v(4).
-1
Let l(o) = 17*o + 132. Give l(-8).
-4
Let f(h) = 2*h**3 + h - 2. Determine f(-2).
-20
Let k(x) = x**3 - 44*x**2 + x - 49. Determine k(44).
-5
Let x(f) = 3*f**2 - 6. What is x(4)?
42
Let r(a) = -a**3 + 6*a**2 - 9*a + 5. Calculate r(4).
1
Let w(y) = 3*y + 8